{"id":69,"date":"2020-01-27T08:05:29","date_gmt":"2020-01-27T08:05:29","guid":{"rendered":"https:\/\/demosites.io\/web-agency-gb\/?page_id=69"},"modified":"2024-07-05T01:28:37","modified_gmt":"2024-07-05T00:28:37","slug":"15c42-web-agency-gb-portfolio","status":"publish","type":"page","link":"http:\/\/www.meinauge.at\/?page_id=69","title":{"rendered":"Anfahrt"},"content":{"rendered":"\n<div style=\"height:10px\" aria-hidden=\"true\" class=\"wp-block-spacer\"><\/div>\n\n\n\n<div class=\"wp-block-cover alignwide is-light\" style=\"min-height:100px;aspect-ratio:unset;\"><span aria-hidden=\"true\" class=\"wp-block-cover__background has-neve-link-color-background-color has-background-dim-30 has-background-dim\"><\/span><img data-opt-id=529293973  fetchpriority=\"high\" decoding=\"async\" width=\"2560\" height=\"1600\" class=\"wp-block-cover__image-background wp-image-549\" alt=\"\" src=\"https:\/\/mlocjvn8ek6d.i.optimole.com\/w:auto\/h:auto\/q:mauto\/f:best\/http:\/\/www.meinauge.at\/wp-content\/uploads\/2022\/11\/bg.png\" style=\"object-position:66% 19%\" data-object-fit=\"cover\" data-object-position=\"66% 19%\" srcset=\"https:\/\/mlocjvn8ek6d.i.optimole.com\/w:1728\/h:1080\/q:mauto\/f:best\/http:\/\/www.meinauge.at\/wp-content\/uploads\/2022\/11\/bg.png 2560w, https:\/\/mlocjvn8ek6d.i.optimole.com\/w:300\/h:188\/q:mauto\/f:best\/http:\/\/www.meinauge.at\/wp-content\/uploads\/2022\/11\/bg.png 300w, https:\/\/mlocjvn8ek6d.i.optimole.com\/w:1024\/h:640\/q:mauto\/f:best\/http:\/\/www.meinauge.at\/wp-content\/uploads\/2022\/11\/bg.png 1024w, https:\/\/mlocjvn8ek6d.i.optimole.com\/w:768\/h:480\/q:mauto\/f:best\/http:\/\/www.meinauge.at\/wp-content\/uploads\/2022\/11\/bg.png 768w, https:\/\/mlocjvn8ek6d.i.optimole.com\/w:1536\/h:960\/q:mauto\/f:best\/http:\/\/www.meinauge.at\/wp-content\/uploads\/2022\/11\/bg.png 1536w, https:\/\/mlocjvn8ek6d.i.optimole.com\/w:1728\/h:1080\/q:mauto\/f:best\/http:\/\/www.meinauge.at\/wp-content\/uploads\/2022\/11\/bg.png 2048w\" sizes=\"(max-width: 1200px) 100vw, 1200px\" \/><div class=\"wp-block-cover__inner-container is-layout-constrained wp-block-cover-is-layout-constrained\">\n<div id=\"wp-block-themeisle-blocks-advanced-columns-1d7d323b\" class=\"wp-block-themeisle-blocks-advanced-columns has-2-columns has-desktop-oneTwo-layout has-tablet-equal-layout has-mobile-collapsedRows-layout has-vertical-bottom\"><div class=\"wp-block-themeisle-blocks-advanced-columns-overlay\"><\/div><div class=\"innerblocks-wrap\">\n<div id=\"wp-block-themeisle-blocks-advanced-column-5ad07172\" class=\"wp-block-themeisle-blocks-advanced-column\">\n<div id=\"wp-block-themeisle-blocks-font-awesome-icons-8711edba\" class=\"wp-block-themeisle-blocks-font-awesome-icons\"><span class=\"wp-block-themeisle-blocks-font-awesome-icons-container\"><i class=\"fas fa-map\"><\/i><\/span><\/div>\n<\/div>\n\n\n\n<div id=\"wp-block-themeisle-blocks-advanced-column-bed5eba6\" class=\"wp-block-themeisle-blocks-advanced-column\">\n<p class=\"has-large-font-size\"><strong>Anfahrt<\/strong><\/p>\n<\/div>\n<\/div><\/div>\n\n\n\n<hr class=\"wp-block-separator has-text-color has-alpha-channel-opacity has-background\" style=\"background-color:#333333;color:#333333\"\/>\n\n\n\n<div id=\"wp-block-themeisle-blocks-advanced-columns-fca7d38c\" class=\"wp-block-themeisle-blocks-advanced-columns alignwide has-2-columns has-desktop-equal-layout has-tablet-equal-layout has-mobile-collapsedRows-layout has-vertical-center\"><div class=\"wp-block-themeisle-blocks-advanced-columns-overlay\"><\/div><div class=\"innerblocks-wrap\">\n<div id=\"wp-block-themeisle-blocks-advanced-column-b0419255\" class=\"wp-block-themeisle-blocks-advanced-column\"><div class=\"wp-block-themeisle-blocks-advanced-column-overlay\"><\/div>\n<p class=\"has-text-align-center has-neve-text-color-color has-text-color\"><strong>Sie finden uns im Fach\u00e4rztehaus in Zell am See. <\/strong><\/p>\n\n\n\n<p class=\"has-text-align-center has-neve-text-color-color has-text-color\"><strong>Die Ordination befindet sich im 2. Stock. <\/strong><\/p>\n\n\n\n<p class=\"has-text-align-center has-neve-text-color-color has-text-color\"><strong>Das Fach\u00e4rztehaus verf\u00fcgt \u00fcber eine Garage &#8211; diese kostet 1,50 Euro f\u00fcr 3 Stunden.<\/strong><\/p>\n\n\n\n<p class=\"has-text-align-center has-neve-text-color-color has-text-color\"><strong>Schillerstra\u00dfe 8a<\/strong>, <strong>5700 Zell am See<\/strong> <\/p>\n<\/div>\n\n\n\n<div id=\"wp-block-themeisle-blocks-advanced-column-4320bb1d\" class=\"wp-block-themeisle-blocks-advanced-column\"><div style=\"height:280pxpx;\" class=\"ticss-cbd2e4b5 wp-block-themeisle-blocks-leaflet-map\" id=\"wp-block-themeisle-blocks-leaflet-map-020f929a\"><\/div>\n<script type=\"text\/javascript\">\n\t\/* <![CDATA[ *\/\n\t\tif ( ! window.themeisleLeafletMaps ) window.themeisleLeafletMaps =[];\n\t\twindow.themeisleLeafletMaps.push( { container: \"wp-block-themeisle-blocks-leaflet-map-020f929a\", attributes: {\"id\":\"wp-block-themeisle-blocks-leaflet-map-020f929a\",\"location\":\"Schillerstra\\u00dfe 8 5700 Zell am See\",\"latitude\":\"47.321137830234896\",\"longitude\":\"12.80405044555664\",\"bbox\":\"12.745857238769533,47.28854494625744,12.86224365234375,47.35371061951363\",\"zoom\":12,\"height\":\"280px\",\"markers\":[{\"id\":\"23c14d09-3717-4cbc-bc06-ab3ecf3ecb22\",\"latitude\":47.3249814,\"longitude\":12.7947968,\"title\":\"Augenarzt Dr. Herzog im 2. Stock des Fach\\u00e4rztehaus\",\"description\":\"<p>Augenarzt Dr. Herzog im 2. Stock des Fach\\u00e4rztehaus<\\\/p>\",\"location\":\"Schillerstra\\u00dfe 8a 5700 Zell am see\"}],\"className\":\"ticss-cbd2e4b5\",\"hasCustomCSS\":true,\"zoomControl\":true,\"draggable\":true,\"customCSS\":\"\",\"otterConditions\":[]} } );\n\t\/* ]]> *\/\n<\/script>\n<\/div>\n<\/div><\/div>\n<\/div><\/div>\n\n\n\n<div style=\"height:20px\" aria-hidden=\"true\" class=\"wp-block-spacer\"><\/div>\n","protected":false},"excerpt":{"rendered":"","protected":false},"author":1,"featured_media":0,"parent":0,"menu_order":0,"comment_status":"closed","ping_status":"closed","template":"","meta":{"neve_meta_sidebar":"full-width","neve_meta_container":"","neve_meta_enable_content_width":"on","neve_meta_content_width":100,"neve_meta_title_alignment":"","neve_meta_author_avatar":"","neve_post_elements_order":"","neve_meta_disable_header":"","neve_meta_disable_footer":"","neve_meta_disable_title":"on","neve_meta_reading_time":"","_themeisle_gutenberg_block_has_review":false,"footnotes":""},"_links":{"self":[{"href":"http:\/\/www.meinauge.at\/index.php?rest_route=\/wp\/v2\/pages\/69"}],"collection":[{"href":"http:\/\/www.meinauge.at\/index.php?rest_route=\/wp\/v2\/pages"}],"about":[{"href":"http:\/\/www.meinauge.at\/index.php?rest_route=\/wp\/v2\/types\/page"}],"author":[{"embeddable":true,"href":"http:\/\/www.meinauge.at\/index.php?rest_route=\/wp\/v2\/users\/1"}],"replies":[{"embeddable":true,"href":"http:\/\/www.meinauge.at\/index.php?rest_route=%2Fwp%2Fv2%2Fcomments&post=69"}],"version-history":[{"count":91,"href":"http:\/\/www.meinauge.at\/index.php?rest_route=\/wp\/v2\/pages\/69\/revisions"}],"predecessor-version":[{"id":1032,"href":"http:\/\/www.meinauge.at\/index.php?rest_route=\/wp\/v2\/pages\/69\/revisions\/1032"}],"wp:attachment":[{"href":"http:\/\/www.meinauge.at\/index.php?rest_route=%2Fwp%2Fv2%2Fmedia&parent=69"}],"curies":[{"name":"wp","href":"https:\/\/api.w.org\/{rel}","templated":true}]}}